{"id":80,"date":"2019-11-04T07:53:23","date_gmt":"2019-11-04T07:53:23","guid":{"rendered":"https:\/\/iwonders.nl\/?page_id=80"},"modified":"2020-05-31T19:22:45","modified_gmt":"2020-05-31T19:22:45","slug":"alissi-bronte","status":"publish","type":"page","link":"https:\/\/iwonders.nl\/index.php\/merken\/alissi-bronte\/","title":{"rendered":"Alissi Bront\u00eb"},"content":{"rendered":"\n<blockquote class=\"wp-block-quote is-style-large\"><p>Be your own kind of beautiful!<\/p><\/blockquote>\n\n\n\n<p>Dat is de slogan van Alissi Bront\u00eb. Haal het beste uit je zelf en het beste uit je huid. Samen met dit merk streef je naar perfectie en balans van je gezicht.<\/p>\n\n\n\n<p>Alissi Bront\u00eb is een natuurzuiver cosmeticamerk dat alleen de beste ingredi\u00ebnten gebruikt zonder extra toevoegingen, conserveringsmiddelen of parabenen. Het is wetenschappelijk bewezen dat ingredi\u00ebnten zoals 24K goud, diamantpoeder, parelextract, zijden en pure etherische oli\u00ebn zorgen voor betere doorbloeding, huidveroudering tegen te gaan en de jongere huid te ondersteunen.<\/p>\n\n\n\n<p>Samen kijken we wat uw huid nodig heeft en passen we daar de behandeling op aan, want iedere huid is uniek en heeft natuurlijk de perfecte zorg en aandacht nodig.<\/p>\n","protected":false},"excerpt":{"rendered":"<p>Be your own kind of beautiful! Dat is de slogan van Alissi Bront\u00eb. Haal het beste uit je zelf en het beste uit je huid. Samen met dit merk streef je naar perfectie en balans van je gezicht. Alissi Bront\u00eb is een natuurzuiver cosmeticamerk dat alleen de beste ingredi\u00ebnten gebruikt zonder extra toevoegingen, conserveringsmiddelen of [&hellip;]<\/p>\n","protected":false},"author":1,"featured_media":280,"parent":76,"menu_order":0,"comment_status":"closed","ping_status":"closed","template":"","meta":[],"yoast_head":"<!-- This site is optimized with the Yoast SEO plugin v19.4 - https:\/\/yoast.com\/wordpress\/plugins\/seo\/ -->\n<title>Alissi Bront\u00eb - I WONDERS<\/title>\n<meta name=\"robots\" content=\"index, follow, max-snippet:-1, max-image-preview:large, max-video-preview:-1\" \/>\n<link rel=\"canonical\" href=\"https:\/\/iwonders.nl\/index.php\/merken\/alissi-bronte\/\" \/>\n<meta property=\"og:locale\" content=\"nl_NL\" \/>\n<meta property=\"og:type\" content=\"article\" \/>\n<meta property=\"og:title\" content=\"Alissi Bront\u00eb - I WONDERS\" \/>\n<meta property=\"og:description\" content=\"Be your own kind of beautiful! Dat is de slogan van Alissi Bront\u00eb. Haal het beste uit je zelf en het beste uit je huid. Samen met dit merk streef je naar perfectie en balans van je gezicht. Alissi Bront\u00eb is een natuurzuiver cosmeticamerk dat alleen de beste ingredi\u00ebnten gebruikt zonder extra toevoegingen, conserveringsmiddelen of [&hellip;]\" \/>\n<meta property=\"og:url\" content=\"https:\/\/iwonders.nl\/index.php\/merken\/alissi-bronte\/\" \/>\n<meta property=\"og:site_name\" content=\"I WONDERS\" \/>\n<meta property=\"article:modified_time\" content=\"2020-05-31T19:22:45+00:00\" \/>\n<meta property=\"og:image\" content=\"https:\/\/iwonders.nl\/wp-content\/uploads\/2020\/05\/Producten.jpeg\" \/>\n\t<meta property=\"og:image:width\" content=\"1080\" \/>\n\t<meta property=\"og:image:height\" content=\"678\" \/>\n\t<meta property=\"og:image:type\" content=\"image\/jpeg\" \/>\n<meta name=\"twitter:card\" content=\"summary_large_image\" \/>\n<meta name=\"twitter:label1\" content=\"Geschatte leestijd\" \/>\n\t<meta name=\"twitter:data1\" content=\"1 minuut\" \/>\n<script type=\"application\/ld+json\" class=\"yoast-schema-graph\">{\"@context\":\"https:\/\/schema.org\",\"@graph\":[{\"@type\":\"Organization\",\"@id\":\"https:\/\/iwonders.nl\/#organization\",\"name\":\"I WONDERS\",\"url\":\"https:\/\/iwonders.nl\/\",\"sameAs\":[],\"logo\":{\"@type\":\"ImageObject\",\"inLanguage\":\"nl\",\"@id\":\"https:\/\/iwonders.nl\/#\/schema\/logo\/image\/\",\"url\":\"https:\/\/iwonders.nl\/wp-content\/uploads\/2020\/01\/cropped-Logo-donkere-kleur-klein-2.png\",\"contentUrl\":\"https:\/\/iwonders.nl\/wp-content\/uploads\/2020\/01\/cropped-Logo-donkere-kleur-klein-2.png\",\"width\":530,\"height\":241,\"caption\":\"I WONDERS\"},\"image\":{\"@id\":\"https:\/\/iwonders.nl\/#\/schema\/logo\/image\/\"}},{\"@type\":\"WebSite\",\"@id\":\"https:\/\/iwonders.nl\/#website\",\"url\":\"https:\/\/iwonders.nl\/\",\"name\":\"I WONDERS\",\"description\":\"Beautysalon\",\"publisher\":{\"@id\":\"https:\/\/iwonders.nl\/#organization\"},\"potentialAction\":[{\"@type\":\"SearchAction\",\"target\":{\"@type\":\"EntryPoint\",\"urlTemplate\":\"https:\/\/iwonders.nl\/?s={search_term_string}\"},\"query-input\":\"required name=search_term_string\"}],\"inLanguage\":\"nl\"},{\"@type\":\"WebPage\",\"@id\":\"https:\/\/iwonders.nl\/index.php\/merken\/alissi-bronte\/\",\"url\":\"https:\/\/iwonders.nl\/index.php\/merken\/alissi-bronte\/\",\"name\":\"Alissi Bront\u00eb - I WONDERS\",\"isPartOf\":{\"@id\":\"https:\/\/iwonders.nl\/#website\"},\"datePublished\":\"2019-11-04T07:53:23+00:00\",\"dateModified\":\"2020-05-31T19:22:45+00:00\",\"breadcrumb\":{\"@id\":\"https:\/\/iwonders.nl\/index.php\/merken\/alissi-bronte\/#breadcrumb\"},\"inLanguage\":\"nl\",\"potentialAction\":[{\"@type\":\"ReadAction\",\"target\":[\"https:\/\/iwonders.nl\/index.php\/merken\/alissi-bronte\/\"]}]},{\"@type\":\"BreadcrumbList\",\"@id\":\"https:\/\/iwonders.nl\/index.php\/merken\/alissi-bronte\/#breadcrumb\",\"itemListElement\":[{\"@type\":\"ListItem\",\"position\":1,\"name\":\"Home\",\"item\":\"https:\/\/iwonders.nl\/\"},{\"@type\":\"ListItem\",\"position\":2,\"name\":\"Merken\",\"item\":\"https:\/\/iwonders.nl\/index.php\/merken\/\"},{\"@type\":\"ListItem\",\"position\":3,\"name\":\"Alissi Bront\u00eb\"}]}]}<\/script>\n<!-- \/ Yoast SEO plugin. -->","yoast_head_json":{"title":"Alissi Bront\u00eb - I WONDERS","robots":{"index":"index","follow":"follow","max-snippet":"max-snippet:-1","max-image-preview":"max-image-preview:large","max-video-preview":"max-video-preview:-1"},"canonical":"https:\/\/iwonders.nl\/index.php\/merken\/alissi-bronte\/","og_locale":"nl_NL","og_type":"article","og_title":"Alissi Bront\u00eb - I WONDERS","og_description":"Be your own kind of beautiful! Dat is de slogan van Alissi Bront\u00eb. Haal het beste uit je zelf en het beste uit je huid. Samen met dit merk streef je naar perfectie en balans van je gezicht. Alissi Bront\u00eb is een natuurzuiver cosmeticamerk dat alleen de beste ingredi\u00ebnten gebruikt zonder extra toevoegingen, conserveringsmiddelen of [&hellip;]","og_url":"https:\/\/iwonders.nl\/index.php\/merken\/alissi-bronte\/","og_site_name":"I WONDERS","article_modified_time":"2020-05-31T19:22:45+00:00","og_image":[{"width":1080,"height":678,"url":"https:\/\/iwonders.nl\/wp-content\/uploads\/2020\/05\/Producten.jpeg","type":"image\/jpeg"}],"twitter_card":"summary_large_image","twitter_misc":{"Geschatte leestijd":"1 minuut"},"schema":{"@context":"https:\/\/schema.org","@graph":[{"@type":"Organization","@id":"https:\/\/iwonders.nl\/#organization","name":"I WONDERS","url":"https:\/\/iwonders.nl\/","sameAs":[],"logo":{"@type":"ImageObject","inLanguage":"nl","@id":"https:\/\/iwonders.nl\/#\/schema\/logo\/image\/","url":"https:\/\/iwonders.nl\/wp-content\/uploads\/2020\/01\/cropped-Logo-donkere-kleur-klein-2.png","contentUrl":"https:\/\/iwonders.nl\/wp-content\/uploads\/2020\/01\/cropped-Logo-donkere-kleur-klein-2.png","width":530,"height":241,"caption":"I WONDERS"},"image":{"@id":"https:\/\/iwonders.nl\/#\/schema\/logo\/image\/"}},{"@type":"WebSite","@id":"https:\/\/iwonders.nl\/#website","url":"https:\/\/iwonders.nl\/","name":"I WONDERS","description":"Beautysalon","publisher":{"@id":"https:\/\/iwonders.nl\/#organization"},"potentialAction":[{"@type":"SearchAction","target":{"@type":"EntryPoint","urlTemplate":"https:\/\/iwonders.nl\/?s={search_term_string}"},"query-input":"required name=search_term_string"}],"inLanguage":"nl"},{"@type":"WebPage","@id":"https:\/\/iwonders.nl\/index.php\/merken\/alissi-bronte\/","url":"https:\/\/iwonders.nl\/index.php\/merken\/alissi-bronte\/","name":"Alissi Bront\u00eb - I WONDERS","isPartOf":{"@id":"https:\/\/iwonders.nl\/#website"},"datePublished":"2019-11-04T07:53:23+00:00","dateModified":"2020-05-31T19:22:45+00:00","breadcrumb":{"@id":"https:\/\/iwonders.nl\/index.php\/merken\/alissi-bronte\/#breadcrumb"},"inLanguage":"nl","potentialAction":[{"@type":"ReadAction","target":["https:\/\/iwonders.nl\/index.php\/merken\/alissi-bronte\/"]}]},{"@type":"BreadcrumbList","@id":"https:\/\/iwonders.nl\/index.php\/merken\/alissi-bronte\/#breadcrumb","itemListElement":[{"@type":"ListItem","position":1,"name":"Home","item":"https:\/\/iwonders.nl\/"},{"@type":"ListItem","position":2,"name":"Merken","item":"https:\/\/iwonders.nl\/index.php\/merken\/"},{"@type":"ListItem","position":3,"name":"Alissi Bront\u00eb"}]}]}},"_links":{"self":[{"href":"https:\/\/iwonders.nl\/index.php\/wp-json\/wp\/v2\/pages\/80"}],"collection":[{"href":"https:\/\/iwonders.nl\/index.php\/wp-json\/wp\/v2\/pages"}],"about":[{"href":"https:\/\/iwonders.nl\/index.php\/wp-json\/wp\/v2\/types\/page"}],"author":[{"embeddable":true,"href":"https:\/\/iwonders.nl\/index.php\/wp-json\/wp\/v2\/users\/1"}],"replies":[{"embeddable":true,"href":"https:\/\/iwonders.nl\/index.php\/wp-json\/wp\/v2\/comments?post=80"}],"version-history":[{"count":5,"href":"https:\/\/iwonders.nl\/index.php\/wp-json\/wp\/v2\/pages\/80\/revisions"}],"predecessor-version":[{"id":281,"href":"https:\/\/iwonders.nl\/index.php\/wp-json\/wp\/v2\/pages\/80\/revisions\/281"}],"up":[{"embeddable":true,"href":"https:\/\/iwonders.nl\/index.php\/wp-json\/wp\/v2\/pages\/76"}],"wp:featuredmedia":[{"embeddable":true,"href":"https:\/\/iwonders.nl\/index.php\/wp-json\/wp\/v2\/media\/280"}],"wp:attachment":[{"href":"https:\/\/iwonders.nl\/index.php\/wp-json\/wp\/v2\/media?parent=80"}],"curies":[{"name":"wp","href":"https:\/\/api.w.org\/{rel}","templated":true}]}}